culate x(-6).
-65
Let g(o) = o**2 + 19*o + 201. Give g(-13).
123
Let f(z) = 3*z - 168. Calculate f(34).
-66
Let x(c) = -67*c - 342. Determine x(-5).
-7
Let c(w) = -78*w - 695. Calculate c(-9).
7
Let d(t) = -309*t - 1856. Give d(-6).
-2
Let v(t) = -t**3 - 9*t**2 + 4*t + 29. Calculate v(-9).
-7
Let n(k) = -35*k - 3150. Give n(-89).
-35
Let x(a) = -a**3 - 38*a**2 - 56*a - 2132. Determine x(-38).
-4
Let c(o) = 8*o**3 + 17*o**2 + 5*o + 39. Give c(-5).
-561
Let u(d) = 2*d**2 - 15*d - 132. Determine u(13).
11
Let i(d) = 5*d**3 + 61*d**2 + 15*d - 26. What is i(-12)?
-62
Let y(a) = 38*a**2 - 1265*a + 359. Calculate y(33).
-4
Let o(z) = -z**2 - 1634*z + 9833. Determine o(6).
-7
Let m(d) = -239*d - 25813. Determine m(-108).
-1
Let y(j) = 2*j**2 + 23*j - 6. Determine y(-7).
-69
Let n(p) = -3076*p + 36930. Calculate n(12).
18
Let l(q) = q**3 + 10*q**2 - 1005*q - 9118. What is l(-9)?
8
Let p(l) = -l**3 - 181*l**2 + 362*l - 724. Give p(-183).
8
Let g(z) = z**3 - 9*z**2 - 25*z - 346. Give g(13).
5
Let t(u) = -u**2 + 74*u - 142. Give t(64).
498
Let p(b) = 2*b**3 + 86*b**2 - 1455*b + 48. Calculate p(-56).
-8
Let o(k) = -3*k**3 - 23*k**2 - 30*k - 4. Calculate o(-6).
-4
Let z(y) = -y**2 + 19*y - 115. What is z(8)?
-27
Let f(t) = -2*t**3 + 3*t**2 - 21*t - 28. Give f(0).
-28
Let n(m) = 3*m**2 - 214*m + 227. Calculate n(72).
371
Let p(x) = -x**2 - 19*x - 42. Determine p(-16).
6
Let w(j) = j**2 + 23*j + 118. Calculate w(-11).
-14
Let n(q) = -q**3 - 23*q**2 + 2*q - 37. Calculate n(-23).
-83
Let s(v) = 3*v**3 - 90*v**2 + 8*v - 359. Calculate s(30).
-119
Let n(a) = -a**2 + 11*a + 269. What is n(22)?
27
Let p(k) = k**3 + 17*k + 214. Calculate p(-5).
4
Let q(g) = 6*g**2 + 127*g - 191. Give q(-22).
-81
Let v(z) = z**3 + 15*z**2 + 73*z + 66. Calculate v(-10).
-164
Let p(i) = 106*i - 5506. What is p(52)?
6
Let r(d) = -d**3 - 17*d**2 - 46*d - 13. What is r(-3)?
-1
Let m(i) = -4*i**2 - 79*i + 60. What is m(-20)?
40
Let a(s) = -352*s - 3190. Calculate a(-9).
-22
Let f(n) = 8*n**2 + 32*n + 20. Calculate f(-3).
-4
Let s(f) = 835*f - 3236. Give s(4).
104
Let w(o) = o**3 + 3*o**2 + 80*o + 273. Calculate w(-3).
33
Let p(t) = -3*t - 31. What is p(-5)?
-16
Let a(t) = t**2 + 17*t - 3959. Give a(-72).
1
Let b(q) = 10*q - 44. What is b(6)?
16
Let t(c) = 9*c**3 - 29*c**2 + 58*c - 3. Calculate t(2).
69
Let s(j) = 9279*j + 83513. Give s(-9).
2
Let k(z) = -10*z**3 - 6*z**2 + 24*z - 78. Give k(4).
-718
Let w(o) = -24*o + 447. What is w(18)?
15
Let y(g) = -18*g**2 + 107*g - 7. What is y(6)?
-13
Let s(z) = 3*z**3 + 9*z**2 + 20*z + 31. Give s(-2).
3
Let r(s) = -749*s - 96628. Determine r(-129).
-7
Let g(m) = -2*m**3 + 19*m**2 - 22*m + 81. Calculate g(10).
-239
Let n(l) = 265*l - 170. What is n(1)?
95
Let k(w) = 15*w + 665. What is k(-49)?
-70
Let l(v) = -378*v + 2232. Calculate l(6).
-36
Let c(m) = -757*m - 6604. Calculate c(-9).
209
Let k(b) = -43*b**2 + 767*b - 618. Give k(17).
-6
Let g(n) = -217*n + 31063. What is g(143)?
32
Let y(j) = -j**3 + 207*j**2 + 2172*j - 449. Calculate y(217).
-15
Let b(c) = 2*c**2 + 96*c + 261. Determine b(-46).
77
Let g(i) = -i**2 + 155*i - 5735. Give g(94).
-1
Let o(p) = -p**3 + 22*p**2 - 236*p + 3916. Determine o(20).
-4
Let c(j) = 51*j**2 + 5*j - 6. Determine c(1).
50
Let v(j) = j**3 + 77*j**2 - 166*j - 572. Determine v(-79).
60
Let u(q) = -64*q - 1387. Calculate u(-33).
725
Let s(h) = 3*h**2 - 42*h + 300. Give s(8).
156
Let g(u) = -u**2 - 36*u - 13. Determine g(-22).
295
Let j(a) = 8*a**3 + a**2 - 5*a. Calculate j(-4).
-476
Let c(p) = 34324*p - 137286. What is c(4)?
10
Let a(i) = -11*i + 92. Determine a(8).
4
Let i(n) = 303*n + 8. Determine i(1).
311
Let d(u) = u**2 + 102*u + 1505. Give d(-84).
-7
Let m(p) = -p + 27. What is m(74)?
-47
Let j(k) = -1326*k + 3982. Give j(3).
4
Let c(n) = -2*n**3 + 27*n**2 + 17*n - 28. Give c(14).
14
Let w(v) = 19*v - 433. Give w(21).
-34
Let h(o) = 174*o - 1924. Determine h(11).
-10
Let l(s) = -2*s**3 - 57*s**2 + 27*s - 60. What is l(-29)?
-2
Let l(b) = -b**3 - 4*b**2 + 26*b + 116. Determine l(-9).
287
Let s(q) = -173*q + 11938. What is s(69)?
1
Let s(h) = 2069*h + 31037. Determine s(-15).
2
Let i(y) = 3*y**2 - 93*y + 4. Determine i(7).
-500
Let s(d) = 25*d - 2526. Calculate s(102).
24
Let w(m) = 2*m**3 - 29*m**2 - 51*m + 452. Determine w(15).
-88
Let v(s) = 2*s**3 - 31*s**2 + 4*s + 177. Calculate v(15).
12
Let y(u) = -50*u - 3539. Give y(-71).
11
Let a(h) = -h**3 - 4*h**2 - 6*h + 29. Give a(4).
-123
Let a(q) = -4*q**2 + 63*q + 315. Calculate a(20).
-25
Let s(m) = 3*m**2 - 279*m + 4538. Calculate s(21).
2
Let d(i) = -2*i**3 - 22*i**2 - 2*i - 29. Give d(-11).
-7
Let m(k) = 5*k. Determine m(4).
20
Let v(n) = -13*n + 40. Determine v(9).
-77
Let a(x) = -2*x**3 - 159*x**2 - 234*x + 52. What is a(-78)?
52
Let n(q) = -3*q**2 - 33*q - 65. Give n(-13).
-143
Let m(l) = -137*l**2 - 410*l - 5. What is m(-3)?
-8
Let c(p) = -5*p**2 - 18*p - 96. Give c(-8).
-272
Let y(k) = 66*k + 418. Calculate y(-2).
286
Let z(c) = 3*c**2 - 22*c - 43. What is z(-2)?
13
Let l(z) = -z**2 + 56*z - 524. Calculate l(12).
4
Let c(b) = -13*b**3 + 4*b**2 + 3*b - 6. Determine c(1).
-12
Let h(s) = -s - 149. Give h(-14).
-135
Let u(z) = -z**3 + 6*z**2 + 253*z - 1033. Give u(4).
11
Let o(f) = -24*f + 242. Calculate o(7).
74
Let y(g) = -102*g - 626. Calculate y(-6).
-14
Let r(d) = -4*d**3 + 16*d**2 + d + 96. Calculate r(6).
-186
Let j(x) = x**3 - 15*x**2 - 127*x - 17. Determine j(-6).
-11
Let t(l) = l**3 + 46*l**2 + 129*l - 93. Calculate t(-43).
-93
Let o(f) = 14*f - 411. Determine o(0).
-411
Let m(y) = 114*y + 917. Calculate m(-8).
5
Let v(j) = -981*j + 991. Determine v(1).
10
Let w(x) = -86*x + 15462. What is w(180)?
-18
Let v(o) = 24*o**2 - 265*o + 6. Determine v(11).
-5
Let y(o) = o**2 + 8*o + 129. Calculate y(-11).
162
Let b(v) = 15*v + 1320. Determine b(-86).
30
Let h(c) = c**3 + 34*c**2 + 33*c + 4. What is h(-33)?
4
Let p(a) = a**2 + 16*a - 25. What is p(0)?
-25
Let u(z) = -7*z**2 + 14*z - 126. Calculate u(5).
-231
Let f(g) = 2*g**3 - 119*g**2 + 283*g + 104. What is f(57)?
-10
Let h(l) = 3*l**3 - 419*l**2 - 134*l - 855. Give h(140).
-15
Let u(y) = y**3 + 10*y**2 + 56*y + 146. Determine u(-5).
-9
Let s(h) = -h**3 - 191*h**2 + 186*h - 1157. What is s(-192)?
-5
Let v(f) = f**3 + 28*f**2 + 121*f - 32. What is v(-23)?
-170
Let c(o) = 3*o**2 + 87*o + 18. Determine c(-27).
-144
Let u(x) = 110*x - 456. Give u(4).
-16
Let s(q) = 3*q**2 - 44*q + 71. Calculate s(8).
-89
Let v(a) = 38*a - 252. Determine v(15).
318
Let v(g) = 9*g**3 - 150*g**2 - 64*g + 136. Determine v(17).
-85
Let p(d) = 28*d**2 + 539*d + 2599. Determine p(-10).
9
Let v(j) = 2*j**3 - 54*j**2 + 11*j - 289. Determine v(27).
8
Let w(k) = -48*k - 4483. Calculate w(-94).
29
Let g(z) = 3*z**3 + 11*z**2 - 39*z - 7. Give g(3).
56
Let q(k) = -56*k**2 - 5937*k - 73. What is q(-106)?
33
Let b(p) = p**3 - 3*p**2 - 38*p + 152. Calculate b(5).
12
Let l(v) = -2*v**2 - 20*v + 70. What is l(4)?
-42
Let s(y) = y**2 - 50*y - 139. What is s(-3)?
20
Let v(h) = h**2 - 1745*h + 22495. Determine v(13).
-21
Let u(x) = x - 114. Calculate u(16).
-98
Let j(g) = -g**3 - 32*g**2 - 138*g - 36. Calculate j(-27).
45
Let a(b) = 2*b**3 - 55*b**2 - 38*b + 274. What is a(28)?
-6
Let n(u) = u**3 + 53*u**2 - 4*u - 166. Calculate n(-53).
46
Let c(h) = 16*h - 315. Determine c(23).
53
Let s(u) = u**3 - 23*u**2 + u + 442. Give s(22).
-20
Let i(k) = -4*k**2 + 57*k - 310. Calculate i(6).
-112
Let d(f) = -14*f**3 - 40*f**2 + 11*f + 13. Determine d(-3).
-2
Let f(a) = 24*a**2 + 4*a + 20. What is f(-3)?
224
Let p(v) = 2*v**2 - 57*v - 56. Calculate p(25).
-231
Let x(n) = -n**3 - 6*n**2 + 41*n + 181. Determine x(-5).
-49
Let n(m) = -14*m + 79. Determine n(7).
-19
Let n(z) = 62*z + 1061. Determine n(-13).
255
Let a(y) = 1317*y - 85612. Calculate a(65).
-7
Let u(b) = -32*b**3 - 2*b**2 - 8*b + 17. Determine u(2).
-263
Let c(m) = m**2 - 8*m + 7. Determine c(7).
0
Let u(i) = i**3 + 80*i**2 + 1438*i + 184. Give u(-27).
-5
Let n(u) = u**3 - 20*u**2 + 68*u - 47. What is n(16)?
17
Let a(q) = -7*q**2 - 11*q + 653. What is a(9)?
-13
Let f(u) = 2417*u - 21883. Give f(9).
-130
Let s(t) = -50*t + 598. Give s(12).
-2
Let u(n) = n**3 - 20*n**2 - 50*n - 88. Determine u(23).
349
Let s(a) = -a**3 - 3*a**2 - 5*a. Determine s(-2).
6
Let h(o) = -7*o**2 + 68*o - 5. What is h(9)?